{"id":2,"date":"2008-07-15T09:32:21","date_gmt":"2008-07-15T08:32:21","guid":{"rendered":"http:\/\/www.padreleo.org\/?page_id=2"},"modified":"2022-10-27T09:03:44","modified_gmt":"2022-10-27T09:03:44","slug":"sobre","status":"publish","type":"page","link":"https:\/\/www.padreleo.org\/?page_id=2","title":{"rendered":"Padre Leone Orlando"},"content":{"rendered":"<div id=\"attachment_683\" style=\"width: 160px\" class=\"wp-caption aligncenter\"><a href=\"https:\/\/www.padreleo.org\/media\/pleo.jpg\"><img loading=\"lazy\" decoding=\"async\" aria-describedby=\"caption-attachment-683\" class=\"size-thumbnail wp-image-683\" title=\"pleo\" src=\"https:\/\/www.padreleo.org\/media\/pleo-150x150.jpg\" alt=\"Padre Leo cs\" width=\"150\" height=\"150\" \/><\/a><p id=\"caption-attachment-683\" class=\"wp-caption-text\">Padre Leo cs<\/p><\/div>\n<p>Sou conhecido por Padre Leo. Nasci numa aldeia do sul da It\u00e1lia, Bova Marina, terra marcada pela emigra\u00e7\u00e3o. Aos 14 anos deixei a minha terra e fui trabalhar para o norte da It\u00e1lia, com a fam\u00edlia de tios maternos. \u00a0Aos 17 anos, conheci o grupo de jovens da minha par\u00f3quia, onde encontrei o Jesus vivo, ressuscitado, que transformou a minha vida. Aos 20 anos foi para servi\u00e7o militar.  Aos 22 anos ingressei no Semin\u00e1rio Diocesano de Mil\u00e3o. Era o dia 23 de Setembro de 1977. Em 1982, ainda seminarista, ingressei na Congrega\u00e7\u00e3o dos Mission\u00e1rios Scalabrinianos. Fiz a minha profiss\u00e3o perp\u00e9tua dos votos religiosos em 9 de Junho de 1985 e fui ordenado sacerdote em 23 de Junho de 1990.<\/p>\n<p>A minha primeira destina\u00e7\u00e3o foi em Portugal, na Par\u00f3quia de Amora, Seixal. Exerci a fun\u00e7\u00e3o de vig\u00e1rio paroquial, sendo p\u00e1roco o Padre Pio Fantinato. Em 1997, foi destinado ao Luxemburgo, onde acompanhei algumas comunidades portuguesas. Em 2000 voltei para a par\u00f3quia de Amora, (o bom filho \u00e0 casa volta!), onde continuei a fun\u00e7\u00e3o de vig\u00e1rio paroquial, sendo p\u00e1roco o Padre Pedro Granzotto. Foram anos de intenso trabalho pastoral em que me senti realizado como sacerdote e gozei sempre da estima dos meus confrades e da comunidade paroquial. <\/p>\n<p>No ano de 2006 comecei um trabalho de atendimento e de acompanhamento espiritual no Semin\u00e1rio Scalabrini dos Foros de Amora. E ao mesmo tempo a Hora Santa da Divina Miseric\u00f3rdia, todas as sextas-feiras \u00e0s 15h, atualmente continua na Igreja Scalabrini. Em 2015 celebrei os meu\u00a025\u00ba anivers\u00e1rio de sacerd\u00f3cio e em 2020 o trig\u00e9simo anivers\u00e1rio. <\/p>\n<p>Louvo e agrade\u00e7o o Senhor por me ter escolhido, chamado, enviado e\u00a0acompanhado, por Ele ter confiado em e atuado em mim, por me ter tantas vezes perdoado. Agrade\u00e7o a Nossa Senhora que me protegeu. Agrade\u00e7o meus pais, confrades,\u00a0e todos aqueles que me ajudaram. Agrade\u00e7o a todos por terem partilhado comigo a vossa alegria, estima e amizade e, comigo, ter louvado ao Senhor que faz maravilhas.<\/p>\n<p class=\"MsoNormal\" style=\"text-align: left;\">O sentimento que mais me domina neste momento \u00e9 o AGRADECIMENTO:<br \/>\n&#8211; Agrade\u00e7o, em primeiro lugar, ao Senhor Jesus que me chamou,<br \/>\n&#8211; Agrade\u00e7o a Nossa Senhora que me acolheu como seu filho predilecto.<br \/>\n&#8211; Agrade\u00e7o ao meu P\u00e1roco Padre Sandro que me ajudou no percurso de discernimento vocacional, nos longos anos como seminarista at\u00e9 ao sacerd\u00f3cio.<br \/>\n&#8211; Agrade\u00e7o a tantos outros sacerdotes que me encorajaram e me ajudaram a crescer,<br \/>\n&#8211; Agrade\u00e7o a muitas pessoas que me acompanharam e ainda hoje me acompanham em silenciosa ora\u00e7\u00e3o, particularmente a comunidade mon\u00e1stica de Santo Ambr\u00f3sio.<br \/>\n&#8211; Um agradecimento especial vai para os meus pais que Deus tem,<br \/>\n&#8211; e \u00e0 Congrega\u00e7\u00e3o dos Mission\u00e1rios Scalabrinianos.<\/p>\n<p class=\"MsoNormal\" style=\"text-align: left;\">Com muita estima e amizade<br \/>\nrecebam agora, todos e cada um,<br \/>\na minha\u00a0B\u00caN\u00c7\u00c3O SACERDOTAL +<\/p>\n<p class=\"MsoNormal\" style=\"text-align: left;\">Padre Leone Orlando,<br \/>\nMission\u00e1rio Scalabriniano<br \/>\ne Vig\u00e1rio Paroquial de Amora<\/p>\n","protected":false},"excerpt":{"rendered":"<p>Sou conhecido por Padre Leo. Nasci numa aldeia do sul da It\u00e1lia, Bova Marina, terra marcada pela emigra\u00e7\u00e3o. Aos 14 anos deixei a minha terra e fui trabalhar para o norte da It\u00e1lia, com a fam\u00edlia de tios maternos. \u00a0Aos 17 anos, conheci o grupo de jovens da minha par\u00f3quia, onde encontrei o Jesus vivo, [&hellip;]<\/p>\n","protected":false},"author":1,"featured_media":0,"parent":4395,"menu_order":1,"comment_status":"open","ping_status":"open","template":"","meta":{"_bbp_topic_count":0,"_bbp_reply_count":0,"_bbp_total_topic_count":0,"_bbp_total_reply_count":0,"_bbp_voice_count":0,"_bbp_anonymous_reply_count":0,"_bbp_topic_count_hidden":0,"_bbp_reply_count_hidden":0,"_bbp_forum_subforum_count":0,"footnotes":""},"class_list":["post-2","page","type-page","status-publish","hentry"],"_links":{"self":[{"href":"https:\/\/www.padreleo.org\/index.php?rest_route=\/wp\/v2\/pages\/2","targetHints":{"allow":["GET"]}}],"collection":[{"href":"https:\/\/www.padreleo.org\/index.php?rest_route=\/wp\/v2\/pages"}],"about":[{"href":"https:\/\/www.padreleo.org\/index.php?rest_route=\/wp\/v2\/types\/page"}],"author":[{"embeddable":true,"href":"https:\/\/www.padreleo.org\/index.php?rest_route=\/wp\/v2\/users\/1"}],"replies":[{"embeddable":true,"href":"https:\/\/www.padreleo.org\/index.php?rest_route=%2Fwp%2Fv2%2Fcomments&post=2"}],"version-history":[{"count":21,"href":"https:\/\/www.padreleo.org\/index.php?rest_route=\/wp\/v2\/pages\/2\/revisions"}],"predecessor-version":[{"id":4502,"href":"https:\/\/www.padreleo.org\/index.php?rest_route=\/wp\/v2\/pages\/2\/revisions\/4502"}],"up":[{"embeddable":true,"href":"https:\/\/www.padreleo.org\/index.php?rest_route=\/wp\/v2\/pages\/4395"}],"wp:attachment":[{"href":"https:\/\/www.padreleo.org\/index.php?rest_route=%2Fwp%2Fv2%2Fmedia&parent=2"}],"curies":[{"name":"wp","href":"https:\/\/api.w.org\/{rel}","templated":true}]}}

<div id="attachment_683" style="width: 160px" class="wp-caption aligncenter"><a href="https://www.padreleo.org/media/pleo.jpg"><img loading="lazy" decoding="async" aria-describedby="caption-attachment-683" class="size-thumbnail wp-image-683" title="pleo" src="https://www.padreleo.org/media/pleo-150x150.jpg" alt="Padre Leo cs" width="150" height="150" /></a><p id="caption-attachment-683" class="wp-caption-text">Padre Leo cs</p></div>
<p>Sou conhecido por Padre Leo. Nasci numa aldeia do sul da Itália, Bova Marina, terra marcada pela emigração. Aos 14 anos deixei a minha terra e fui trabalhar para o norte da Itália, com a família de tios maternos.  Aos 17 anos, conheci o grupo de jovens da minha paróquia, onde encontrei o Jesus vivo, ressuscitado, que transformou a minha vida. Aos 20 anos foi para serviço militar.  Aos 22 anos ingressei no Seminário Diocesano de Milão. Era o dia 23 de Setembro de 1977. Em 1982, ainda seminarista, ingressei na Congregação dos Missionários Scalabrinianos. Fiz a minha profissão perpétua dos votos religiosos em 9 de Junho de 1985 e fui ordenado sacerdote em 23 de Junho de 1990.</p>
<p>A minha primeira destinação foi em Portugal, na Paróquia de Amora, Seixal. Exerci a função de vigário paroquial, sendo pároco o Padre Pio Fantinato. Em 1997, foi destinado ao Luxemburgo, onde acompanhei algumas comunidades portuguesas. Em 2000 voltei para a paróquia de Amora, (o bom filho à casa volta!), onde continuei a função de vigário paroquial, sendo pároco o Padre Pedro Granzotto. Foram anos de intenso trabalho pastoral em que me senti realizado como sacerdote e gozei sempre da estima dos meus confrades e da comunidade paroquial. </p>
<p>No ano de 2006 comecei um trabalho de atendimento e de acompanhamento espiritual no Seminário Scalabrini dos Foros de Amora. E ao mesmo tempo a Hora Santa da Divina Misericórdia, todas as sextas-feiras às 15h, atualmente continua na Igreja Scalabrini. Em 2015 celebrei os meu 25º aniversário de sacerdócio e em 2020 o trigésimo aniversário. </p>
<p>Louvo e agradeço o Senhor por me ter escolhido, chamado, enviado e acompanhado, por Ele ter confiado em e atuado em mim, por me ter tantas vezes perdoado. Agradeço a Nossa Senhora que me protegeu. Agradeço meus pais, confrades, e todos aqueles que me ajudaram. Agradeço a todos por terem partilhado comigo a vossa alegria, estima e amizade e, comigo, ter louvado ao Senhor que faz maravilhas.</p>
<p class="MsoNormal" style="text-align: left;">O sentimento que mais me domina neste momento é o AGRADECIMENTO:<br />
&#8211; Agradeço, em primeiro lugar, ao Senhor Jesus que me chamou,<br />
&#8211; Agradeço a Nossa Senhora que me acolheu como seu filho predilecto.<br />
&#8211; Agradeço ao meu Pároco Padre Sandro que me ajudou no percurso de discernimento vocacional, nos longos anos como seminarista até ao sacerdócio.<br />
&#8211; Agradeço a tantos outros sacerdotes que me encorajaram e me ajudaram a crescer,<br />
&#8211; Agradeço a muitas pessoas que me acompanharam e ainda hoje me acompanham em silenciosa oração, particularmente a comunidade monástica de Santo Ambrósio.<br />
&#8211; Um agradecimento especial vai para os meus pais que Deus tem,<br />
&#8211; e à Congregação dos Missionários Scalabrinianos.</p>
<p class="MsoNormal" style="text-align: left;">Com muita estima e amizade<br />
recebam agora, todos e cada um,<br />
a minha BÊNÇÃO SACERDOTAL +</p>
<p class="MsoNormal" style="text-align: left;">Padre Leone Orlando,<br />
Missionário Scalabriniano<br />
e Vigário Paroquial de Amora</p>

<p>Sou conhecido por Padre Leo. Nasci numa aldeia do sul da Itália, Bova Marina, terra marcada pela emigração. Aos 14 anos deixei a minha terra e fui trabalhar para o norte da Itália, com a família de tios maternos.  Aos 17 anos, conheci o grupo de jovens da minha paróquia, onde encontrei o Jesus vivo, [&hellip;]</p>
